= 2*a, v + 7*a + 10 = 3*a. Let o be y(v). Give g(o).
-5
Let w(u) = -9*u**3 - 8*u**2 - 6*u + 7. Let g(r) = -3*r**2 - 7 - 1 + 11*r**2 + 7*r + 10*r**3 + r**2. Let v(m) = -6*g(m) - 7*w(m). What is v(-1)?
-2
Let h = 6 - 0. Suppose 3*c - h*c + 3 = 0. Let l(g) be the first derivative of 2*g**2 + g - 3. Give l(c).
5
Let d(w) be the third derivative of w**9/30240 + w**8/5040 + w**7/1680 + w**6/720 + w**5/30 + 2*w**2. Let z(k) be the third derivative of d(k). What is z(-2)?
-5
Let j = -3 + 0. Let a(g) = g**3 + 4*g**2 + 3*g - 2. Let f be a(j). Let n(l) = -l**3 + l + 2*l**3 + l**3 - 3*l**3. Determine n(f).
6
Let l(q) = -q + 0 + 6 - 4 - 41*q**3 + 42*q**3. What is l(0)?
2
Let z(r) = 4*r**2 - r + 1. Suppose -7 = -p - l, -3*p - 2*p + 19 = -3*l. Let v = -1 + 5. Suppose v*f = -f + p. Calculate z(f).
4
Let p(f) = -2 + 3*f + 50*f**2 - 1 - 51*f**2. What is p(5)?
-13
Let q(s) be the second derivative of s**3/6 + 3*s**2/2 - 20*s. Calculate q(0).
3
Let b(h) = h**3 - 6*h**2 + 2. Let q = 16 + -10. Determine b(q).
2
Let g(s) be the second derivative of s**3 - s**2/2 - 3*s. Let o(p) = 4*p - 7. Let q be o(2). Calculate g(q).
5
Let o(z) = -z**2 + 7*z - 9. Suppose 30 = 5*u + f, 2*u - 4 = f + 8. Calculate o(u).
-3
Let g be 1 - (-1 - 2)/(-3). Suppose g = -p + 2*p. Let h(v) = v**3 + v**2 + 7. Determine h(p).
7
Let c(p) = -p**2 + p - 5. Let h = -22 - -33. Let d = h - 21. Let l be 5/d + (-2)/(-4). Determine c(l).
-5
Let o(s) = 8*s**2 + 15*s + 9. Let d(l) = 3*l**2 + 5*l + 3. Let f(g) = -11*d(g) + 4*o(g). Let m(j) = -4*j - 2. Let k be m(-2). What is f(k)?
-3
Suppose 0*v = -2*v - 4*u + 22, 19 = 4*v + 3*u. Let t(l) = 9*l**2 - 1. Give t(v).
8
Suppose 5*b + 18 + 2 = 0, 28 = 4*j - 4*b. Let a(m) = -m + 6. Let l be a(4). Suppose j*t - l*t = -4. Let f(c) = -c**2 - 3*c - 1. Determine f(t).
-5
Let q be -3*(-1 + (-4)/(-6)). Let f = 1 - q. Let d(o) = 20*o + 23. Let p(y) = 7*y + 8. Let s(g) = 6*d(g) - 17*p(g). Calculate s(f).
2
Let x(m) = -m + 5. Let r(j) = -2*j**3 + 2*j + 2*j**3 - 2*j**2 - j**3 - j**2. Let f be r(-3). Determine x(f).
11
Let c(v) be the third derivative of v**4/12 - v**3/6 - 2*v**2. Suppose n + 12 = -2*n. Give c(n).
-9
Let v(b) = b**2 - b. Suppose -2*r - 8 = l, l - 4*r + r = 17. Let z = l - 2. Suppose 4*g - 2*q + 5*q - 17 = z, 3*g - 4*q + 6 = 0. What is v(g)?
2
Let n(q) be the third derivative of 0*q**4 + 0 - 5/6*q**3 + 0*q - 1/120*q**6 + 1/10*q**5 + q**2. Let x(o) = -3*o - 3. Let f be x(-3). Calculate n(f).
-5
Let i(t) = 50 - 50 - 6*t + 7*t + 10*t**2. Give i(-1).
9
Suppose -3 = -q - 2. Let n(w) = -8 - q - w + 3*w. What is n(7)?
5
Let t(n) = -2*n + 3. Suppose 1 = -o + u, -3*u + 6*u = -3. Let h be (-2 - -1)/(o/(-6)). Calculate t(h).
9
Let l(g) = -g**2 - 6*g - 2. Let p be l(-5). Let r(w) = -w. Give r(p).
-3
Let y(w) be the third derivative of w**7/5040 - w**6/180 + w**5/30 - 3*w**2. Let n(t) be the third derivative of y(t). Suppose -2*q = 2*q. Calculate n(q).
-4
Let b(u) = u**3 + 9*u**2 - 11*u - 13. Let h be b(-10). Let j(t) = t**3 + 2*t**2 - 4*t - 4. Calculate j(h).
-1
Let t = 41 + -35. Let r(s) = -s**3 + 6*s**2 - 2*s + 6. Give r(t).
-6
Let g(d) = -d**3 + 6*d**2 + 8*d - 3. Let v(i) = -i**3 + 4*i**2 - 2. Let p be v(3). Determine g(p).
4
Let j = 97 + -88. Let g(k) = k**3 - 8*k**2 - 10*k + 4. Determine g(j).
-5
Let z(j) = j. Let f(s) = 7*s. Let m(w) = f(w) - 6*z(w). Let y = -24 + 40. Suppose -4*l + y = -0*l. Calculate m(l).
4
Let r(v) = -v + 5. Let t be r(0). Let z(m) be the third derivative of m**5/60 - 5*m**4/24 + 2*m**3/3 + 4*m**2. Give z(t).
4
Let t(y) be the first derivative of -3*y**3 - 2*y**2 + 4*y - 1. Let f(u) = -8*u**2 - 4*u + 4. Let o(g) = -7*f(g) + 6*t(g). What is o(-4)?
12
Suppose 4 = 2*b + 2*b. Let l be b/2 + (-15)/6. Let p(o) = 2*o**3 + 2*o**2 - 2*o - 3. What is p(l)?
-7
Let h(u) = -4*u**3 - 4*u**2 - 2*u. Let n be h(-2). Suppose -4*z = z - n. Let s(m) = -m**2 + 3*m + 1. Determine s(z).
-3
Let f(z) = -10*z - 2*z**2 - z**2 + 7*z. Let b be (-33)/(-5) - 4/(-10). Suppose l + 5*s = -17, 5*l + s + b = 2*s. Give f(l).
-6
Let q(m) = m**3 - 7*m**2 + 7*m - 3. Let c = -2 + 1. Let o be (-4)/c - (-2 + 0). Let f be q(o). Let g(j) = j**2 - 4*j + 2. What is g(f)?
-1
Let w(v) = 5*v - v + 6 - 3*v - 2. Determine w(-2).
2
Let z(y) = -y**3 - 7*y**2 + y + 7. Let q(s) = -s**2 + 3*s - 7. Let p be q(0). Calculate z(p).
0
Let n(i) = -14*i - 1. Suppose 5*f = 4 + 1. Give n(f).
-15
Let b be (2 + -1 - 5)*(-5)/4. Let j(h) = h**3 - 8*h**2 - 7*h + 4. Let p(i) = 2*i**3 - 17*i**2 - 15*i + 9. Let z(y) = -9*j(y) + 4*p(y). Determine z(b).
-10
Let t be 7 - (8/1)/2. Let v(d) = -d**2 + d + 1. Calculate v(t).
-5
Let c = -216 + 218. Let t(m) = -7*m - 8. Let x(n) = -6*n - 7. Let a(o) = -5*t(o) + 6*x(o). What is a(c)?
-4
Let o(q) be the third derivative of q**5/60 + q**4/12 + q**3/3 - q**2. Suppose -3 = -3*c + 4*c. What is o(c)?
5
Let t(v) = -2*v - 10*v**2 + 9*v**2 - 4 + 5. Let m(d) = -d + 5. Let y be m(9). What is t(y)?
-7
Let n(z) = -2*z**3 + 4*z**2 - z + 4. Let r = 7 + -4. Give n(r).
-17
Let t(p) = -247 + 0*p + 0*p + 7*p**2 + 257 - p**3. Determine t(7).
10
Suppose -12 = -3*c + 6*c, 0 = t + c. Let k(j) = 2*j**2 - 7*j + 4. Calculate k(t).
8
Let a(s) = 2*s + 1. Let q be a(-3). Let n(o) = -o**2 - 3*o + 7. Give n(q).
-3
Let b be 115/(-15) - -7 - (-8)/(-6). Let x(j) = j**3 + 2*j**2 + 2*j - 1. Determine x(b).
-5
Suppose -3*q + 8 + 7 = -5*k, 6 = 2*q - 2*k. Suppose q*b + 2*b = 0. Let x(j) = -j**3 - j**2 + 3. Give x(b).
3
Let x(f) = 3*f**2 + 8*f + 3. Let c(w) = 9*w**2 + 23*w + 8. Let b(h) = -4*c(h) + 11*x(h). What is b(-3)?
-14
Let x(b) = -b**3 + 11*b**2 + 12*b. Let t be x(12). Let c(f) = -3 - 2 - f + 1. What is c(t)?
-4
Suppose 4*n = 4, 9 = 2*h + 4*n - 3. Let g(x) be the second derivative of 0 - 5/2*x**2 + x + 1/6*x**3. Calculate g(h).
-1
Let q(c) be the first derivative of c**4/4 + 5*c**3/3 - 4*c**2 - c - 11. Determine q(-6).
11
Let w(m) = m. Let p = 23 + -11. Suppose 3*r - j = r, -p = 3*j. Let y be 132/30 - r/(-5). What is w(y)?
4
Let j(d) be the first derivative of -5/2*d**2 - 2*d**3 - 1/4*d**4 - 1 + 3*d. Let x = 7 - 12. Calculate j(x).
3
Let c(w) be the second derivative of -w**5/20 + 7*w**4/12 - 2*w**3/3 - 5*w**2/2 + 2*w. Suppose 0 = 2*j + 3*j, -4*b + 24 = -j. Give c(b).
7
Let y = 11 - 5. Suppose 0 = -2*v + y*v - 60. Suppose -2*b = -4*n - 18, -4*b - b + 4*n = -v. Let a(f) = 4*f - 1. Calculate a(b).
-5
Let g(o) = 3*o**2 - 12*o - 2. Let b(n) = 4*n**2 - 18*n - 3. Let t(r) = 5*b(r) - 7*g(r). Give t(-6).
-1
Let j(u) = u + 1. Let w(c) = -2*c + 1. Let z(x) = -j(x) - w(x). Let s = -3 + 3. Calculate z(s).
-2
Suppose -2*p - 2*i + 4 = 2, -3*p + 27 = -5*i. Suppose -5*a - 5 = 0, -u + p = -2*u - 4*a. Let x(w) = -w**3 + w**2 + w - 15. Give x(u).
-15
Let l(s) = s**2 + 11*s - 6. Let v(f) = f**2 + 10*f - 5. Let h(p) = 4*l(p) - 5*v(p). Suppose -50 = 5*b - 15. Give h(b).
-6
Suppose -200*i - 2 = -202*i. Let n(h) be the first derivative of 4*h + 3*h**2 + 1/3*h**3 + i. Determine n(-5).
-1
Let v = -1 - -11. Let o = v - 6. Let r(k) = 1 - o*k**3 - k - 8*k**3 + 0*k + k**2. Determine r(1).
-11
Let p(s) be the second derivative of -1/2*s**2 + 1/12*s**4 - 1/6*s**3 + 0 - 5*s. What is p(4)?
11
Suppose -h + 3 = 0, -2*l = -0*l - 3*h + 11. Let d be (21/9 + l)*3. Let f = -3 + d. Let g(c) = -c. Determine g(f).
-1
Suppose -4 - 1 = -i. Let z(w) = -7*w**2 - w - 1. Let b(r) = 3*r**2 + r. Let m(u) = 9*b(u) + 4*z(u). Give m(i).
-4
Let j(w) be the third derivative of 0*w**3 + 0 + 0*w + 1/12*w**4 + 1/240*w**6 + 1/40*w**5 + w**2. Let t(z) be the second derivative of j(z). Calculate t(-3).
-6
Let d(z) = 3*z + 1 - 3*z**2 - 5 - z**3 + 2. Suppose -3*h + 12 = 2*k, -4*h - 5*k = -2*h - 8. Suppose -2*u - h = -o, o - u = 4*u + 16. Determine d(o).
2
Let l = -3 - -8. Suppose 5*v + 0*v - 4 = 3*t, -l*t + 4*v - 11 = 0. Let h(g) = g**3 + 4*g**2 + 3*g. Give h(t).
0
Let h(s) = 3*s - 1. Let v(i) = -4*i + 1. Let p(w) = 3*h(w) + 2*v(w). Give p(-3).
-4
Let y(m) = -488*m**2 + 240*m**2 + 3 + 2*m + 245*m**2. What is y(-2)?
-13
Let w = 46 - 31. Let n be 66/w - 2/5. Let r(t) = -t**3 + 2*t**3 - 6*t**2 + 0*t**3 + 2*t + t**2 + 5. What is r(n)?
-3
Let k(r) = r**3 + 4*r**2 + 2*r - 2. Let j(l) = l**3 + 7*l**2 + 7*l + 8. Let u be j(-6). Suppose 4*m - u*m + 6 = 0. Calculate k(m).
1
Let i(j) be the first derivative of -3*j**2/2 + 7*j + 20. Calculate i(7).
-14
Let t(a) = -5*a - 14. Let w